{"id":38,"date":"2017-10-24T16:13:05","date_gmt":"2017-10-24T16:13:05","guid":{"rendered":"http:\/\/agneswieser.de\/?page_id=38"},"modified":"2024-11-20T12:12:13","modified_gmt":"2024-11-20T12:12:13","slug":"kontakt","status":"publish","type":"page","link":"https:\/\/agneswieser.de\/?page_id=38","title":{"rendered":"Kontakt"},"content":{"rendered":"<p>Ich arbeite und lebe im wundersch\u00f6nen Landkreis Miesbach in Oberbayern, s\u00fcdlich von M\u00fcnchen. Mein Atelier \u00f6ffne ich gerne f\u00fcr Besucher nach vorheriger Terminabsprache.<\/p>\n<p>Sie haben Fragen, wollen ein Bild kaufen oder mieten, ben\u00f6tigen Unterst\u00fctzung von einem professionellen K\u00fcnstler oder sind einfach nur neugierig? Ich freue mich darauf, von Ihnen zu h\u00f6ren!<\/p>\n<p><img loading=\"lazy\" class=\"alignnone wp-image-1333 size-medium\" src=\"https:\/\/agneswieser.de\/wp-content\/uploads\/2024\/04\/20240217_171422-300x300.jpg\" alt=\"\" width=\"300\" height=\"300\" srcset=\"https:\/\/agneswieser.de\/wp-content\/uploads\/2024\/04\/20240217_171422-300x300.jpg 300w, https:\/\/agneswieser.de\/wp-content\/uploads\/2024\/04\/20240217_171422-1024x1024.jpg 1024w, https:\/\/agneswieser.de\/wp-content\/uploads\/2024\/04\/20240217_171422-150x150.jpg 150w, https:\/\/agneswieser.de\/wp-content\/uploads\/2024\/04\/20240217_171422-768x768.jpg 768w, https:\/\/agneswieser.de\/wp-content\/uploads\/2024\/04\/20240217_171422-100x100.jpg 100w, https:\/\/agneswieser.de\/wp-content\/uploads\/2024\/04\/20240217_171422.jpg 1486w\" sizes=\"(max-width: 300px) 100vw, 300px\" \/><\/p>\n<p><strong>Agnes Wieser\u00a0<\/strong><\/p>\n<p>info@agneswieser.de<\/p>\n<p>+49176 61926082<\/p>\n<p>www.agneswieser.de<\/p>\n<p>Atelieradresse:<br \/>\nGruber Str. 4<br \/>\n83629 in Kleinh\u00f6henkirchen<\/p>\n<p>Postanschrift:<br \/>\nGruber Str. 6<br \/>\n83629 Weyarn<\/p>\n","protected":false},"excerpt":{"rendered":"<p>Ich arbeite und lebe im wundersch\u00f6nen Landkreis Miesbach in Oberbayern, s\u00fcdlich von M\u00fcnchen. Mein Atelier \u00f6ffne ich gerne f\u00fcr Besucher nach vorheriger Terminabsprache. Sie haben Fragen, wollen ein Bild kaufen oder mieten, ben\u00f6tigen Unterst\u00fctzung von einem professionellen K\u00fcnstler oder sind einfach nur neugierig? Ich freue mich darauf, von Ihnen zu h\u00f6ren! Agnes Wieser\u00a0 info@agneswieser.de +49176 &hellip; <\/p>\n<p class=\"link-more\"><a href=\"https:\/\/agneswieser.de\/?page_id=38\" class=\"more-link\"><span class=\"screen-reader-text\">\u201eKontakt\u201c<\/span> weiterlesen<\/a><\/p>\n","protected":false},"author":1,"featured_media":0,"parent":0,"menu_order":0,"comment_status":"closed","ping_status":"closed","template":"","meta":[],"_links":{"self":[{"href":"https:\/\/agneswieser.de\/index.php?rest_route=\/wp\/v2\/pages\/38"}],"collection":[{"href":"https:\/\/agneswieser.de\/index.php?rest_route=\/wp\/v2\/pages"}],"about":[{"href":"https:\/\/agneswieser.de\/index.php?rest_route=\/wp\/v2\/types\/page"}],"author":[{"embeddable":true,"href":"https:\/\/agneswieser.de\/index.php?rest_route=\/wp\/v2\/users\/1"}],"replies":[{"embeddable":true,"href":"https:\/\/agneswieser.de\/index.php?rest_route=%2Fwp%2Fv2%2Fcomments&post=38"}],"version-history":[{"count":15,"href":"https:\/\/agneswieser.de\/index.php?rest_route=\/wp\/v2\/pages\/38\/revisions"}],"predecessor-version":[{"id":1394,"href":"https:\/\/agneswieser.de\/index.php?rest_route=\/wp\/v2\/pages\/38\/revisions\/1394"}],"wp:attachment":[{"href":"https:\/\/agneswieser.de\/index.php?rest_route=%2Fwp%2Fv2%2Fmedia&parent=38"}],"curies":[{"name":"wp","href":"https:\/\/api.w.org\/{rel}","templated":true}]}}