{"id":38,"date":"2017-10-24T16:13:05","date_gmt":"2017-10-24T16:13:05","guid":{"rendered":"http:\/\/agneswieser.de\/?page_id=38"},"modified":"2026-07-30T06:59:35","modified_gmt":"2026-07-30T06:59:35","slug":"kontakt","status":"publish","type":"page","link":"https:\/\/agneswieser.de\/?page_id=38","title":{"rendered":"Kontakt"},"content":{"rendered":"<p>Ich arbeite und lebe im wundersch\u00f6nen Landkreis Miesbach in Oberbayern, s\u00fcdlich von M\u00fcnchen. Mein Atelier \u00f6ffne ich gerne f\u00fcr Besucher nach vorheriger Terminabsprache.<\/p>\n<p><img loading=\"lazy\" class=\"alignnone size-medium wp-image-1634\" src=\"https:\/\/agneswieser.de\/wp-content\/uploads\/2026\/07\/20260402_1611521-300x300.jpg\" alt=\"\" width=\"300\" height=\"300\" srcset=\"https:\/\/agneswieser.de\/wp-content\/uploads\/2026\/07\/20260402_1611521-300x300.jpg 300w, https:\/\/agneswieser.de\/wp-content\/uploads\/2026\/07\/20260402_1611521-1024x1024.jpg 1024w, https:\/\/agneswieser.de\/wp-content\/uploads\/2026\/07\/20260402_1611521-150x150.jpg 150w, https:\/\/agneswieser.de\/wp-content\/uploads\/2026\/07\/20260402_1611521-768x767.jpg 768w, https:\/\/agneswieser.de\/wp-content\/uploads\/2026\/07\/20260402_1611521-100x100.jpg 100w, https:\/\/agneswieser.de\/wp-content\/uploads\/2026\/07\/20260402_1611521.jpg 1463w\" sizes=\"(max-width: 300px) 100vw, 300px\" \/><\/p>\n<p>Unterst\u00fctzung gefragt:<\/p>\n<p><img loading=\"lazy\" class=\"size-medium wp-image-1639 alignnone\" src=\"https:\/\/agneswieser.de\/wp-content\/uploads\/2026\/07\/Atelier-gesucht-140x300.jpg\" alt=\"\" width=\"140\" height=\"300\" srcset=\"https:\/\/agneswieser.de\/wp-content\/uploads\/2026\/07\/Atelier-gesucht-140x300.jpg 140w, https:\/\/agneswieser.de\/wp-content\/uploads\/2026\/07\/Atelier-gesucht-478x1024.jpg 478w, https:\/\/agneswieser.de\/wp-content\/uploads\/2026\/07\/Atelier-gesucht-768x1646.jpg 768w, https:\/\/agneswieser.de\/wp-content\/uploads\/2026\/07\/Atelier-gesucht-717x1536.jpg 717w, https:\/\/agneswieser.de\/wp-content\/uploads\/2026\/07\/Atelier-gesucht-956x2048.jpg 956w, https:\/\/agneswieser.de\/wp-content\/uploads\/2026\/07\/Atelier-gesucht-scaled.jpg 1194w\" sizes=\"(max-width: 140px) 100vw, 140px\" \/><\/p>\n<p><strong>Agnes Wieser\u00a0<\/strong><\/p>\n<p>info@agneswieser.de<\/p>\n<p>+49176 61926082<\/p>\n<p>www.agneswieser.de<\/p>\n<p>Atelieradresse:<br \/>\nGruber Str. 4<br \/>\n83629 in Kleinh\u00f6henkirchen<\/p>\n<p>Postanschrift:<br \/>\nGruber Str. 6<br \/>\n83629 Weyarn<\/p>\n","protected":false},"excerpt":{"rendered":"<p>Ich arbeite und lebe im wundersch\u00f6nen Landkreis Miesbach in Oberbayern, s\u00fcdlich von M\u00fcnchen. Mein Atelier \u00f6ffne ich gerne f\u00fcr Besucher nach vorheriger Terminabsprache. Unterst\u00fctzung gefragt: Agnes Wieser\u00a0 info@agneswieser.de +49176 61926082 www.agneswieser.de Atelieradresse: Gruber Str. 4 83629 in Kleinh\u00f6henkirchen Postanschrift: Gruber Str. 6 83629 Weyarn<\/p>\n","protected":false},"author":1,"featured_media":0,"parent":0,"menu_order":0,"comment_status":"closed","ping_status":"closed","template":"","meta":[],"_links":{"self":[{"href":"https:\/\/agneswieser.de\/index.php?rest_route=\/wp\/v2\/pages\/38"}],"collection":[{"href":"https:\/\/agneswieser.de\/index.php?rest_route=\/wp\/v2\/pages"}],"about":[{"href":"https:\/\/agneswieser.de\/index.php?rest_route=\/wp\/v2\/types\/page"}],"author":[{"embeddable":true,"href":"https:\/\/agneswieser.de\/index.php?rest_route=\/wp\/v2\/users\/1"}],"replies":[{"embeddable":true,"href":"https:\/\/agneswieser.de\/index.php?rest_route=%2Fwp%2Fv2%2Fcomments&post=38"}],"version-history":[{"count":23,"href":"https:\/\/agneswieser.de\/index.php?rest_route=\/wp\/v2\/pages\/38\/revisions"}],"predecessor-version":[{"id":1645,"href":"https:\/\/agneswieser.de\/index.php?rest_route=\/wp\/v2\/pages\/38\/revisions\/1645"}],"wp:attachment":[{"href":"https:\/\/agneswieser.de\/index.php?rest_route=%2Fwp%2Fv2%2Fmedia&parent=38"}],"curies":[{"name":"wp","href":"https:\/\/api.w.org\/{rel}","templated":true}]}}

<p>Ich arbeite und lebe im wunderschönen Landkreis Miesbach in Oberbayern, südlich von München. Mein Atelier öffne ich gerne für Besucher nach vorheriger Terminabsprache.</p>
<p><img loading="lazy" class="alignnone size-medium wp-image-1634" src="https://agneswieser.de/wp-content/uploads/2026/07/20260402_1611521-300x300.jpg" alt="" width="300" height="300" srcset="https://agneswieser.de/wp-content/uploads/2026/07/20260402_1611521-300x300.jpg 300w, https://agneswieser.de/wp-content/uploads/2026/07/20260402_1611521-1024x1024.jpg 1024w, https://agneswieser.de/wp-content/uploads/2026/07/20260402_1611521-150x150.jpg 150w, https://agneswieser.de/wp-content/uploads/2026/07/20260402_1611521-768x767.jpg 768w, https://agneswieser.de/wp-content/uploads/2026/07/20260402_1611521-100x100.jpg 100w, https://agneswieser.de/wp-content/uploads/2026/07/20260402_1611521.jpg 1463w" sizes="(max-width: 300px) 100vw, 300px" /></p>
<p>Unterstützung gefragt:</p>
<p><img loading="lazy" class="size-medium wp-image-1639 alignnone" src="https://agneswieser.de/wp-content/uploads/2026/07/Atelier-gesucht-140x300.jpg" alt="" width="140" height="300" srcset="https://agneswieser.de/wp-content/uploads/2026/07/Atelier-gesucht-140x300.jpg 140w, https://agneswieser.de/wp-content/uploads/2026/07/Atelier-gesucht-478x1024.jpg 478w, https://agneswieser.de/wp-content/uploads/2026/07/Atelier-gesucht-768x1646.jpg 768w, https://agneswieser.de/wp-content/uploads/2026/07/Atelier-gesucht-717x1536.jpg 717w, https://agneswieser.de/wp-content/uploads/2026/07/Atelier-gesucht-956x2048.jpg 956w, https://agneswieser.de/wp-content/uploads/2026/07/Atelier-gesucht-scaled.jpg 1194w" sizes="(max-width: 140px) 100vw, 140px" /></p>
<p><strong>Agnes Wieser </strong></p>
<p>info@agneswieser.de</p>
<p>+49176 61926082</p>
<p>www.agneswieser.de</p>
<p>Atelieradresse:<br />
Gruber Str. 4<br />
83629 in Kleinhöhenkirchen</p>
<p>Postanschrift:<br />
Gruber Str. 6<br />
83629 Weyarn</p>

<p>Ich arbeite und lebe im wunderschönen Landkreis Miesbach in Oberbayern, südlich von München. Mein Atelier öffne ich gerne für Besucher nach vorheriger Terminabsprache. Unterstützung gefragt: Agnes Wieser  info@agneswieser.de +49176 61926082 www.agneswieser.de Atelieradresse: Gruber Str. 4 83629 in Kleinhöhenkirchen Postanschrift: Gruber Str. 6 83629 Weyarn</p>
