{"id":610,"date":"2021-07-01T13:42:59","date_gmt":"2021-07-01T13:42:59","guid":{"rendered":"http:\/\/agneswieser.de\/?page_id=610"},"modified":"2026-03-02T22:28:47","modified_gmt":"2026-03-02T22:28:47","slug":"projekte","status":"publish","type":"page","link":"https:\/\/agneswieser.de\/?page_id=610","title":{"rendered":"Projekte"},"content":{"rendered":"\n<p>Wie entsteht Kreativit\u00e4t?<br>JACKPOD: im Gespr\u00e4ch mit Thomas Griesbeck<\/p>\n\n\n\n<figure class=\"wp-block-embed is-type-video is-provider-youtube wp-block-embed-youtube wp-embed-aspect-16-9 wp-has-aspect-ratio\"><div class=\"wp-block-embed__wrapper\">\n<iframe loading=\"lazy\" title=\"Wie entsteht Kreativit\u00e4t? Die #Begegnung mit der K\u00fcnstlerin Agnes Wieser\" width=\"525\" height=\"295\" src=\"https:\/\/www.youtube.com\/embed\/f1AeZxCnZKM?feature=oembed\" frameborder=\"0\" allow=\"accelerometer; autoplay; clipboard-write; encrypted-media; gyroscope; picture-in-picture; web-share\" referrerpolicy=\"strict-origin-when-cross-origin\" allowfullscreen><\/iframe>\n<\/div><\/figure>\n\n\n\n<p><br><br><br>Zu Gast beim Hinterw\u00e4ldler-Podcast<\/p>\n\n\n\n<figure class=\"wp-block-embed is-type-video is-provider-youtube wp-block-embed-youtube wp-embed-aspect-16-9 wp-has-aspect-ratio\"><div class=\"wp-block-embed__wrapper\">\n<iframe loading=\"lazy\" title=\"Zwischen Wiese und Leinwand\" width=\"525\" height=\"295\" src=\"https:\/\/www.youtube.com\/embed\/aktGfGiTeI0?feature=oembed\" frameborder=\"0\" allow=\"accelerometer; autoplay; clipboard-write; encrypted-media; gyroscope; picture-in-picture; web-share\" referrerpolicy=\"strict-origin-when-cross-origin\" allowfullscreen><\/iframe>\n<\/div><\/figure>\n\n\n\n<p><br><br><br>Segelboot als Symbol f\u00fcr die Umwelt<\/p>\n\n\n\n<figure class=\"wp-block-embed is-type-rich is-provider-handler-einbetten wp-block-embed-handler-einbetten wp-embed-aspect-16-9 wp-has-aspect-ratio\"><div class=\"wp-block-embed__wrapper\">\n<iframe loading=\"lazy\" title=\"KUNST F\u00dcR DEN NATURSCHUTZ mit Agnes Wieser und Wolf Stadler | JACKSCORNER\" width=\"525\" height=\"295\" src=\"https:\/\/www.youtube.com\/embed\/TnTaFqdGFqQ?feature=oembed\" frameborder=\"0\" allow=\"accelerometer; autoplay; clipboard-write; encrypted-media; gyroscope; picture-in-picture; web-share\" referrerpolicy=\"strict-origin-when-cross-origin\" allowfullscreen><\/iframe>\n<\/div><\/figure>\n\n\n\n<p><br><br><br>Graffiti <\/p>\n\n\n\n<figure class=\"wp-block-image size-large\"><img loading=\"lazy\" width=\"1024\" height=\"768\" src=\"https:\/\/agneswieser.de\/wp-content\/uploads\/2023\/07\/20230616_173927-1-1024x768.jpg\" alt=\"\" class=\"wp-image-1248\" srcset=\"https:\/\/agneswieser.de\/wp-content\/uploads\/2023\/07\/20230616_173927-1-1024x768.jpg 1024w, https:\/\/agneswieser.de\/wp-content\/uploads\/2023\/07\/20230616_173927-1-300x225.jpg 300w, https:\/\/agneswieser.de\/wp-content\/uploads\/2023\/07\/20230616_173927-1-768x576.jpg 768w, https:\/\/agneswieser.de\/wp-content\/uploads\/2023\/07\/20230616_173927-1-1536x1152.jpg 1536w, https:\/\/agneswieser.de\/wp-content\/uploads\/2023\/07\/20230616_173927-1-2048x1536.jpg 2048w\" sizes=\"(max-width: 767px) 89vw, (max-width: 1000px) 54vw, (max-width: 1071px) 543px, 580px\" \/><figcaption>Graffiti Au\u00dfenmauer in Greding &#8211; ROX KIKI-BAR &#8211; in Zusammenarbeit mit Sandro Thomas alias ANTIK (<a rel=\"noreferrer noopener\" href=\"https:\/\/antik-kunstatelier.de\/\" data-type=\"URL\" data-id=\"https:\/\/antik-kunstatelier.de\/\" target=\"_blank\">https:\/\/antik-kunstatelier.de\/<\/a>)<\/figcaption><\/figure>\n\n\n\n<figure class=\"wp-block-image size-large\"><img loading=\"lazy\" width=\"768\" height=\"1024\" src=\"https:\/\/agneswieser.de\/wp-content\/uploads\/2023\/07\/20230704_173949-768x1024.jpg\" alt=\"\" class=\"wp-image-1252\" srcset=\"https:\/\/agneswieser.de\/wp-content\/uploads\/2023\/07\/20230704_173949-768x1024.jpg 768w, https:\/\/agneswieser.de\/wp-content\/uploads\/2023\/07\/20230704_173949-225x300.jpg 225w, https:\/\/agneswieser.de\/wp-content\/uploads\/2023\/07\/20230704_173949-1152x1536.jpg 1152w, https:\/\/agneswieser.de\/wp-content\/uploads\/2023\/07\/20230704_173949-1536x2048.jpg 1536w, https:\/\/agneswieser.de\/wp-content\/uploads\/2023\/07\/20230704_173949-scaled.jpg 1920w\" sizes=\"(max-width: 767px) 89vw, (max-width: 1000px) 54vw, (max-width: 1071px) 543px, 580px\" \/><figcaption>Graffiti &#8222;Marilyn Monroe&#8220; in Holzkirchen am Ladehof 1<\/figcaption><\/figure>\n\n\n\n<p><br><br><br>Art Car &#8211; Lada Niva<\/p>\n\n\n\n<figure class=\"wp-block-image size-large\"><img loading=\"lazy\" width=\"1024\" height=\"768\" src=\"https:\/\/agneswieser.de\/wp-content\/uploads\/2020\/12\/20191227_174422-1-1024x768.jpg\" alt=\"\" class=\"wp-image-618\" srcset=\"https:\/\/agneswieser.de\/wp-content\/uploads\/2020\/12\/20191227_174422-1-1024x768.jpg 1024w, https:\/\/agneswieser.de\/wp-content\/uploads\/2020\/12\/20191227_174422-1-300x225.jpg 300w, https:\/\/agneswieser.de\/wp-content\/uploads\/2020\/12\/20191227_174422-1-768x576.jpg 768w, https:\/\/agneswieser.de\/wp-content\/uploads\/2020\/12\/20191227_174422-1-1536x1152.jpg 1536w, https:\/\/agneswieser.de\/wp-content\/uploads\/2020\/12\/20191227_174422-1.jpg 1600w\" sizes=\"(max-width: 767px) 89vw, (max-width: 1000px) 54vw, (max-width: 1071px) 543px, 580px\" \/><figcaption>Lada Niva &#8211; Design &amp; Lackierung: Agnes Wieser<\/figcaption><\/figure>\n\n\n\n<div class=\"wp-block-columns\">\n<div class=\"wp-block-column\"><\/div>\n<\/div>\n\n\n\n<p><br><br><br>Art Car &#8211; BMW<\/p>\n\n\n\n<figure class=\"wp-block-image size-large\"><img loading=\"lazy\" width=\"1024\" height=\"838\" src=\"https:\/\/agneswieser.de\/wp-content\/uploads\/2019\/06\/IMG-20190608-WA0029-1024x838.jpg\" alt=\"\" class=\"wp-image-189\" srcset=\"https:\/\/agneswieser.de\/wp-content\/uploads\/2019\/06\/IMG-20190608-WA0029-1024x838.jpg 1024w, https:\/\/agneswieser.de\/wp-content\/uploads\/2019\/06\/IMG-20190608-WA0029-300x246.jpg 300w, https:\/\/agneswieser.de\/wp-content\/uploads\/2019\/06\/IMG-20190608-WA0029-768x629.jpg 768w, https:\/\/agneswieser.de\/wp-content\/uploads\/2019\/06\/IMG-20190608-WA0029.jpg 1600w\" sizes=\"(max-width: 767px) 89vw, (max-width: 1000px) 54vw, (max-width: 1071px) 543px, 580px\" \/><figcaption>BMW im Stil eines Art Cars &#8211; Design: Agnes Wieser <\/figcaption><\/figure>\n\n\n\n<p><\/p>\n\n\n\n<p><\/p>\n","protected":false},"excerpt":{"rendered":"<p>Wie entsteht Kreativit\u00e4t?JACKPOD: im Gespr\u00e4ch mit Thomas Griesbeck Zu Gast beim Hinterw\u00e4ldler-Podcast Segelboot als Symbol f\u00fcr die Umwelt Graffiti Art Car &#8211; Lada Niva Art Car &#8211; BMW<\/p>\n","protected":false},"author":1,"featured_media":0,"parent":0,"menu_order":0,"comment_status":"closed","ping_status":"closed","template":"","meta":[],"_links":{"self":[{"href":"https:\/\/agneswieser.de\/index.php?rest_route=\/wp\/v2\/pages\/610"}],"collection":[{"href":"https:\/\/agneswieser.de\/index.php?rest_route=\/wp\/v2\/pages"}],"about":[{"href":"https:\/\/agneswieser.de\/index.php?rest_route=\/wp\/v2\/types\/page"}],"author":[{"embeddable":true,"href":"https:\/\/agneswieser.de\/index.php?rest_route=\/wp\/v2\/users\/1"}],"replies":[{"embeddable":true,"href":"https:\/\/agneswieser.de\/index.php?rest_route=%2Fwp%2Fv2%2Fcomments&post=610"}],"version-history":[{"count":29,"href":"https:\/\/agneswieser.de\/index.php?rest_route=\/wp\/v2\/pages\/610\/revisions"}],"predecessor-version":[{"id":1569,"href":"https:\/\/agneswieser.de\/index.php?rest_route=\/wp\/v2\/pages\/610\/revisions\/1569"}],"wp:attachment":[{"href":"https:\/\/agneswieser.de\/index.php?rest_route=%2Fwp%2Fv2%2Fmedia&parent=610"}],"curies":[{"name":"wp","href":"https:\/\/api.w.org\/{rel}","templated":true}]}}